m**2/2 + m - 3. Let p = -5 + 5. Suppose 2*c - 7*c + 5 = p. What is y(c)?
-2
Let g be 17/8 - 3/(-8). Let t(z) be the second derivative of -g*z**2 - 2/3*z**3 - 3*z + 0 + 1/4*z**4 + 1/20*z**5. What is t(-4)?
-5
Let p = -56 + 24. Let s = 36 + p. Let x(o) = -o**2 - 5*o + s - o - 3. Calculate x(-6).
1
Let k(g) = -17*g - 12*g + 44*g - 14*g. Let c(p) = -2*p**2 - 4*p. Let z(v) = -c(v) - 4*k(v). Suppose 2 = -y - 0. Calculate z(y).
8
Let f(t) = 2*t - 2*t - 4 + 2*t - 3*t. Let a be f(-5). Suppose a = -x + 4. Let m(l) = l - 1. What is m(x)?
2
Suppose 4 = 3*y - 4*y. Let v(q) = -q**3 - 12*q**2 + 14*q + 13. Let m be v(-13). Let d(x) = m*x - 3 + 2*x + 0*x + 0*x. Calculate d(y).
-11
Let m(s) = s**3 - 4*s**2 - 7*s + 4. Suppose -2*p = v - 49, 6*p - 37 = 4*p - 5*v. Suppose 4*a + 6 = p. Calculate m(a).
-6
Suppose -19 = 2*q + w + 1, -4*w - 44 = 4*q. Let n = -11 - q. Let c(t) = 2*t**2 + 2*t - 2. What is c(n)?
2
Let h(k) = -k**3 + 5*k**2 + 5*k - 5. Let v(r) = r**2 - 21*r + 60. Let s be v(3). Give h(s).
-11
Let b(x) = -10*x**2 + 2*x + 29. Let h(f) = -3*f**2 + f + 10. Let v(i) = -2*b(i) + 7*h(i). What is v(5)?
2
Let k(z) = 10*z**3 - 9*z**3 + 24*z - 25*z - z**2. Calculate k(0).
0
Let n(l) = -l + 5. Let a(t) = 18 - 1 - 11. Let s(b) = -2*b - 5. Let r be s(-4). Let j(k) = r*a(k) - 2*n(k). Give j(-7).
-6
Let s(h) be the first derivative of -2*h**2 + 50. What is s(5)?
-20
Let c(w) = -3*w - 2. Suppose 0 = 4*l + 2*v - 0*v - 22, 2*v - 7 = l. Suppose l*p + 3 = 2*p. What is c(p)?
7
Let h = -28 - -39. Let u = -9 + h. Let z(q) = -q**2 + 3*q - 3. Determine z(u).
-1
Suppose 40 = -w + 3*w. Suppose 0 = -4*c - c - w. Let t(u) = u**2 + 3*u + 6. Calculate t(c).
10
Let x(y) be the third derivative of -y**6/120 + y**5/5 - 11*y**4/24 + y**3/2 - 5*y**2. Let g = 104 + -93. Give x(g).
3
Let s(b) be the second derivative of b**3/2 - 7*b**2/2 - 4*b - 25. Suppose -u - 2 = 0, -2*i - 19 = -7*i - 3*u. What is s(i)?
8
Let f(k) be the third derivative of -5/24*k**4 + 1/2*k**3 + 0 - 7/60*k**5 - 1/120*k**6 + 0*k - 8*k**2. Calculate f(-6).
-3
Let h(g) = 28 - 1 - 17 + g. Determine h(5).
15
Let a(i) = i + 8. Suppose -6*d - 47 = -149. Suppose -12*f = -d*f - 20. What is a(f)?
4
Let f(s) = -s + 5. Let y(m) = -1. Let p(w) = f(w) - y(w). Let h(a) = a**2 + 5*a. Let v(t) = t**2 - 7*t + 4. Let b be v(5). Let i be h(b). Calculate p(i).
0
Let a(m) = 2*m**2. Let z be a(2). Suppose -3 + z = -5*v. Let t(o) = -7*o - 1 + o**2 + 17*o - 11*o. Calculate t(v).
1
Let t(s) = -s - 5. Suppose 0 = 4*j - 3*n - 14, 3*n = -0*j - 3*j. Suppose -4*f + 32 = -j*l, 0*l - 4*l - 55 = -5*f. Let z = l + 15. Calculate t(z).
-10
Let v be (42/(-35))/(15/(-75)). Let f(h) = -5*h**2 + h**3 - 5*h + 4 - 4 - 2. Calculate f(v).
4
Let r(k) be the first derivative of -k**3/6 - 15*k**2/2 - 9*k - 8. Let y(i) be the first derivative of r(i). Calculate y(0).
-15
Let v be 9/(-9)*(-12 + -3) + -6. Let a(z) = -z**3 + 10*z**2 - 6*z + 3. Give a(v).
30
Let b(g) be the second derivative of 0 - 4*g + 0*g**2 + 1/6*g**3 - 1/12*g**4. Let d(k) = k**3 + 7*k**2 - 8*k. Let a be d(-8). Determine b(a).
0
Let u(d) be the second derivative of d**3/2 + 16*d + 1. Determine u(-1).
-3
Let q(u) = 60*u - 246. Let p be q(4). Let x(g) = g**2 + 13*g + 9. Calculate x(p).
-33
Let o(h) be the second derivative of 2*h**3/3 - 15*h**2/2 + 222*h + 1. What is o(11)?
29
Suppose 4*b = 5*b + 1. Let p = 1 + b. Suppose -8 = -2*h - p*h. Let n(g) = g**2 - 4*g + 2. Give n(h).
2
Suppose 0*i - 3*r - 7 = -2*i, -r = -i + 2. Let t(o) = 7*o - 1. Let y(z) = -36*z + 5. Let j(d) = -11*t(d) - 2*y(d). Determine j(i).
6
Let g = 5 - 3. Let o = 17 + -14. Let d(w) = -3*w**2 - 4*w + 3 + w**o + w**g + 0*w**2 - w**2. Calculate d(4).
3
Let s(o) be the first derivative of o**4/4 + 2*o**3/3 - o**2/2 - 12. Let z be ((-14)/(-21))/((-2)/9). Give s(z).
-6
Suppose -4 = -4*l + 16. Let b(z) = z**3 - 5*z**2 + 2. Let q be b(l). Let x(v) = v + 226*v**2 - 2 - 229*v**2 + 2*v**3 + 0*v. Determine x(q).
4
Let w(y) = 26 - y + 2*y**2 - 41 - y + 16. Calculate w(3).
13
Let g(j) = j**3 - j**2 + j - 9. Suppose 6*z = 3*z. Determine g(z).
-9
Let j be 9/2 - (-1)/(-2). Suppose 5*k + 6 = -2*t, -t + k + j = -0. Let g(r) = -t - 3*r - 8 + 2*r + 3. Determine g(-6).
-1
Let l = 706 - 718. Let i(y) = y**3 + 12*y**2 - 2*y - 5. What is i(l)?
19
Let y = 47 + -32. Let q be (-5)/y*-9 - 0. Let p(d) = -d + 3. What is p(q)?
0
Let n(a) = 2*a - 2. Let q(i) = -i. Let j be q(-7). Let k(d) = -2*d + 17. Let r be k(j). Determine n(r).
4
Let j(d) be the first derivative of -1/2*d**2 + 1/12*d**4 + 7/6*d**3 - 9 + 0*d. Let v(p) be the second derivative of j(p). Determine v(-7).
-7
Let y(r) = r + 19. Suppose 2*i - 2*b = -20, 5*i + 244 - 197 = 4*b. Calculate y(i).
12
Let q(m) = -6 - 4 + 25 + m - m**2 - 14. Give q(2).
-1
Let x(f) = -9*f**2 - 5. Let t(v) = 18*v**2 + 12. Let i(z) = 3*t(z) + 7*x(z). Let w(g) = g**2 - g - 1. Let u be w(0). Determine i(u).
-8
Suppose 8*y - 12 = -100. Let v(c) = -2*c - 21. What is v(y)?
1
Let a = 34 - 28. Let b(t) = -2*t**2 + 4*t - 2. Determine b(a).
-50
Let h(b) be the second derivative of -b**5/20 - 5*b**4/12 + b**3/3 + 7*b**2/2 - 208*b. Calculate h(-5).
-3
Let t(s) = -2*s**3 + 9*s**2 - 12*s + 6. Let m be t(3). Let q(l) = -2*l**2 - 4*l - 1. What is q(m)?
-7
Let k(c) = 5*c**2 + 24*c - 6 - 48*c + 24*c + 5. What is k(-1)?
4
Suppose 3 = 5*v - 2. Let h(b) = -4 + v + 3 + 2*b + 1. Calculate h(-1).
-1
Let q(b) = -2*b - 2. Let h be q(-2). Let j(n) = -5 - n**h - 12*n + 7*n + 8*n. Calculate j(4).
-9
Let l = -181 + 178. Let q(j) be the first derivative of j**3/2 - 3*j**2/2 - 2*j - 2. Let o(p) be the first derivative of q(p). Determine o(l).
-12
Let h(n) = n**3 - n - 2. Suppose -3*y + 5*a + 31 = 0, 0 = 3*y - 2*a - 9 - 16. Suppose 31 - y = 4*f. Suppose -3*w - f = -6*w. What is h(w)?
4
Let b = -87 - -82. Let a(s) = s - 19. Let n(v) be the second derivative of -v**3/6 + 5*v**2 + v. Let k(l) = -3*a(l) - 5*n(l). What is k(b)?
-3
Let m(r) = r**2 + 2*r - 1. Let s(h) = -72*h + 3. Let o be s(-1). Let n = 73 - o. Give m(n).
-1
Let c be (-16)/(-7) - (-2)/(-7). Suppose 0 = -2*p - m + 13, 2*m = 2*p - 2*m + 12. Let z(r) = 0*r - p*r + 2*r. Give z(c).
-4
Let a(o) be the first derivative of -o**4/4 - 4*o**3/3 - 3*o**2/2 - 19. Let w be 12/20*15/(-3). What is a(w)?
0
Let g(v) = -10*v - 8. Let a be g(-1). Suppose a*o - 4*o = -4. Let w(k) = -3*k**2 - 4*k + 4*k**2 - 2 + 1. Determine w(o).
-5
Let v(r) be the third derivative of 0*r - 1/20*r**5 + 2/3*r**3 - 4*r**2 - 1/6*r**4 + 0 + 1/120*r**6. Give v(4).
4
Let t = 28 - 29. Let m(d) = -22*d**3 - d**2 - d - 1. Give m(t).
21
Suppose -m = -5*m + 4. Suppose -2*t - 5 = -m. Let d be 3/(11/(-4) - t). Let p(i) = i**2 + i - 2. Determine p(d).
10
Let x(f) = 3*f**2 + 17*f + 4. Let g(v) = -v**3 + 24*v**2 + 3*v - 77. Let y be g(24). Give x(y).
-6
Let r = -1 - -2. Let m(g) be the first derivative of 2*g**4 - 2*g**3/3 + g**2/2 + 2010. Determine m(r).
7
Let q be -3 + 0 - (11 - 16). Suppose 0 = -0*f - f + q. Suppose b = -4*r + 17, 0*b + 19 = -3*b + f*r. Let s(m) = m**3 + 2*m**2 - 3*m + 2. Calculate s(b).
2
Let v(l) = -5*l - 2. Let u(f) = f - 2. Let d(w) = u(w) - v(w). What is d(-4)?
-24
Let j(a) be the first derivative of -a**5/60 + a**4/24 + a**3/2 - a**2/2 + 2. Let w(p) be the second derivative of j(p). Let v be 4*(5/1 + -4). What is w(v)?
-9
Let t(m) = 16*m - 490. Let p be t(31). Let c(d) be the first derivative of -d**4/4 + 2*d**3 + d**2 - 7*d + 4. Calculate c(p).
5
Let i(y) = -y - 1. Let f be 4/16 + (-2)/8. What is i(f)?
-1
Let b(s) = -2*s - 16. Let g be -14 + 70/8 + 6/(-8). Calculate b(g).
-4
Let b(l) be the third derivative of l**4/24 + 17*l**3/6 + l**2 - 14. Calculate b(-13).
4
Let l(q) = q**2 + q + 10. Let k = -92 - -92. Suppose -3*o - 4*z - 3 - 5 = k, -3*z - 6 = 3*o. Calculate l(o).
10
Let a(c) = -11*c**2 + 7*c + 2. Let m(n) = -13*n**2 + 8*n + 1. Let o(q) = 6*a(q) - 5*m(q). Give o(5).
-8
Let r(n) = n**2 + n + 11. Let x be r(0). Let f(m) = m - 10. Calculate f(x).
1
Let i(z) = -z**2 - 1. Let r = 35 + -34. Let h(x) = -7*x**2 - 5*x - 15. Let b(t) = r*h(t) - 6*i(t). Determine b(-6).
-15
Suppose -7*q + 9*q + 48 = 0. Let r be (-302)/6 + q/36. Let f(i) = -3*i - 1. Let k(y) = -25*y - 8. Let p(n) = r*f(n) + 6*k(n). What is p(-4)?
-9
Let s(a) = -2*a**2 + a + 1. Let u be s(2). Let o(w) = -w**3 - 5*w**2 + w - 2. Give o(u).
-7
Let d(o) be the second deri